02001 (base 4) to base 16
eb6c81
What is 81131 (base 16) in base 11?
331237
Convert 53015225 (base 6) to base 12.
624515
What is -573a430 (base 11) in base 16?
-993e20
Convert 585a895 (base 11) to base 15.
d72385
13311307 (base 8) to base 6
144003143
15103434 (base 6) to base 3
222111210011
What is -32364 (base 12) in base 6?
-1230204
-86002 (base 16) to base 7
-4444123
Convert -256462 (base 7) to base 15.
-e2e7
What is 144145 (base 6) in base 8?
33101
Convert -101110111010011010111 (base 2) to base 12.
-621733
11106 (base 16) to base 4
101010012
3436276 (base 8) to base 4
3203302332
Convert 293ff (base 16) to base 2.
101001001111111111
What is -240225 (base 6) in base 16?
-5159
Convert 26ce4 (base 15) to base 10.
124414
-102201211112 (base 3) to base 10
-230972
Convert 14326201 (base 7) to base 15.
1ba6b4
88521 (base 11) to base 16
1f594
What is 122122201122011 (base 3) in base 16?
8f2dfe
-1001222210 (base 3) to base 15
-63e0
Convert 828774 (base 9) to base 15.
9ab8a
1440 (base 6) to base 15
1a9
What is -30820 (base 14) in base 2?
-11100100001101100
Convert -241230123 (base 6) to base 15.
-5eba83
What is -1086789 (base 10) in base 3?
-2001012210110
Convert -341401415 (base 6) to base 10.
-6236723
101001110000000010 (base 2) to base 4
221300002
-1228b99 (base 12) to base 3
-20122212212000
-79c7a (base 13) to base 9
-367256
-131919 (base 11) to base 5
-23114124
What is 295a0 (base 13) in base 8?
230056
Convert -683d7 (base 16) to base 15.
-86797
25a203a (base 12) to base 8
34251656
Convert -18fe9 (base 16) to base 15.
-20502
What is -56868 (base 14) in base 12?
-a1790
Convert -21000201212 (base 3) to base 9.
-230655
Convert -394ab2 (base 13) to base 15.
-1c4536
-2719a8 (base 12) to base 15
-cb5e8
What is 10111100010111100100 (base 2) in base 10?
771556
Convert -194241 (base 16) to base 8.
-6241101
1002112012112 (base 3) to base 4
2031320222
What is -250231 (base 9) in base 2?
-100100111000110101
What is -11400130 (base 5) in base 2?
-11001111100110010
-11111010111000111 (base 2) to base 7
-1043335
Convert -985ab (base 13) to base 2.
-1000011010010011011
What is -14523423 (base 6) in base 10?
-508839
1810f (base 16) to base 10
98575
What is 103142301 (base 6) in base 14?
35a069
What is 2140608 (base 9) in base 12?
4748a5
Convert -4334143 (base 9) to base 6.
-121502450
Convert -142754 (base 8) to base 15.
-1002d
What is 1111001100000011101011 (base 2) in base 4?
33030003223
What is 1805958 (base 12) in base 9?
10340345
What is 3727104 (base 9) in base 13?
55c204
Convert ba5c0a (base 14) to base 9.
12786307
-243614 (base 8) to base 6
-1444112
What is -b323b (base 12) in base 15?
-49345
What is aa48 (base 14) in base 15?
8ae4
What is 1110370 (base 11) in base 8?
7334055
Convert 1258408 (base 9) to base 11.
430317
Convert -113111040 (base 5) to base 12.
-210794
-13410421 (base 6) to base 8
-1563555
What is -519ae5 (base 15) in base 12?
-1371698
What is 3a9b05 (base 13) in base 6?
50243142
-3a4b827 (base 12) to base 11
-6579271
-3333001203 (base 4) to base 6
-34220003
-1364622 (base 9) to base 12
-3029a8
What is d111 (base 15) in base 5?
2402431
Convert 777625 (base 8) to base 9.
438402
What is 727705 (base 8) in base 5?
30212410
10c6ea3 (base 15) to base 4
231312332232
3654316 (base 7) to base 3
212202001101
Convert 3425910 (base 11) to base 7.
101651554
-158511 (base 13) to base 6
-15225233
Convert -11101110010111001010 (base 2) to base 3.
-1211121021101
-10758386 (base 9) to base 12
-1905806
Convert -1021023211123 (base 4) to base 5.
-14402341323
What is -375267 (base 10) in base 14?
-9aa8b
1242555 (base 9) to base 7
5521535
3122213 (base 4) to base 5
421431
Convert 316052 (base 11) to base 5.
112141322
What is 68184 (base 9) in base 10?
45355
What is 316212 (base 7) in base 11?
38349
What is -281976 (base 12) in base 6?
-22142230
What is 1661 (base 13) in base 2?
110011011010
What is 101311013330 (base 4) in base 2?
10001110101000111111100
Convert -10100000000101110001 (base 2) to base 6.
-22015441
Convert 52121 (base 11) to base 7.
434415
Convert 125978 (base 14) to base 12.
264886
What is -110110001000001011 (base 2) in base 7?
-1612243
456ba (base 13) to base 2
11110110110111100
Convert -5d4679 (base 14) to base 8.
-14153423
-10301113 (base 6) to base 11
-198052
-3012664 (base 7) to base 13
-c6295
Convert -8535123 (base 9) to base 4.
-101123301123
Convert 10055330 (base 7) to base 16.
cc737
What is -7365887 (base 11) in base 13?
-28c5b82
Convert 70eb71 (base 16) to base 8.
34165561
What is 9716990 (base 10) in base 16?
9444fe
210202112021 (base 3) to base 8
1504424
-35972 (base 16) to base 15
-4508b
Convert -107dd7 (base 14) to base 9.
-1042765
Convert 2b796 (base 13) to base 2.
10100001010100011
Convert -163323 (base 9) to base 2.
-11000101000000010
-129868 (base 10) to base 7
-1050424
What is -34c95 (base 15) in base 7?
-1300265
-221110145 (base 6) to base 4
-33022123301
What is 1333114 (base 6) in base 7?
430252
-1131610 (base 7) to base 2
-100010101111011111
-10232123223 (base 4) to base 5
-304120023
What is -114457 (base 9) in base 11?
-47849
Convert -110100000111101010001011 (base 2) to base 12.
-46aa8b7
What is -1132626 (base 10) in base 9?
-2115603
What is 25dc4e (base 15) in base 2?
110111011111110011100
Convert -4e098 (base 16) to base 12.
-134b88
What is -cbb0 (base 14) in base 10?
-35238
Convert 503068 (base 9) to base 2.
1001000101000010110
What is -4102013314 (base 5) in base 2?
-11111011010100111000011
33777 (base 13) to base 5
10443210
7bae57 (base 16) to base 14
110dcc7
Convert -11000101010100101100 (base 2) to base 14.
-170792
What is -24b747b (base 12) in base 10?
-7208159
10011100 (base 3) to base 7
6501
What is -121306 (base 15) in base 16?
-d31a9
Convert -9347a (base 13) to base 9.
-442636
What is -6631681 (base 10) in base 15?
-8aee21
Convert -121132131 (base 4) to base 11.
-71443
What is 5a3ae6 (base 16) in base 9?
12112483
Convert 4352 (base 13) to base 10.
9362
-11445301 (base 6) to base 16
-58e25
-4456212 (base 9) to base 8
-11116120
Convert -2212221210 (base 3) to base 2.
-1101110111111101
What is 48887 (base 10) in base 7?
262346
What is -102347252 (base 8) in base 3?
-1012210000200012
Convert -4c18c (base 13) to base 10.
-140893
Convert -2430304 (base 5) to base 11.
-3137a
What is -110111010110110101010 (base 2) in base 10?
-1813930
Convert 33212345 (base 6) to base 10.
997193
Convert -20404343 (base 5) to base 10.
-169348
Convert 163415062 (base 7) to base 6.
1034321334
Convert 128d (base 15) to base 16.
f76
-100302333211 (base 4) to base 3
-22021201000111
What is -33110322220 (base 4) in base 5?
-2012032312
d2fbb (base 16) to base 8
3227673
-2426213 (base 7) to base 4
-1023203312
What is -195a702 (base 11) in base 15?
-4553de
What is 100100001111110101 (base 2) in base 14?
3c16d
322504334 (base 6) to base 11
3265514
What is -11212013211 (base 4) in base 11?
-912083
110110101110011010000 (base 2) to base 16
1b5cd0
What is 1469a3d (base 15) in base 9?
30703144
-200310011020 (base 4) to base 15
-b4dabd
-7d979 (base 14) to base 8
-1126427
2335178 (base 9) to base 8
4643625
What is -208bdb (base 15) in base 5?
-344022211
What is 111112011211 (base 3) in base 13?
94231
-68885 (base 10) to base 7
-404555
Convert -2de78b (base 15) to base 16.
-21f6a7
-20606804 (base 9) to base 12
-33a794a
-222134 (base 7) to base 4
-21210020
What is -721795 (base 10) in base 8?
-2601603
What is 1011145421 (base 6) in base 4?
213233210311
Convert -111123013 (base 4) to base 10.
-87751
What is 189a3 (base 12) in base 6?
434323
Convert -201400 (base 9) to base 3.
-20001110000
What is b89bd (base 16) in base 6?
24112421
Convert -52235 (base 9) to base 10.
-34457
30413141 (base 5) to base 16
3c871
What is -134430410 (base 5) in base 15?
-dceda
Convert -49f2a (base 16) to base 12.
-12734a
What is 181549 (base 13) in base 10?
602884
What is b35c46 (base 15) in base 16?
821361
Convert -30311001 (base 5) to base 2.
-111011101100010101
2435461 (base 7) to base 6
10402551
What is 120d63 (base 16) in base 11?
738953
234881 (base 9) to base 3
21011222201
What is -14634736 (base 8) in base 10?
-3357150
Convert 1036232 (base 13) to base 8.
22625145
Convert -3214110304 (base 5) to base 13.
-1537452
535706 (base 9) to base 7
2466312
Convert 22600 (